 - 218. What is the greatest common factor of 297 and h?
11
Let f(q) = 8*q**2 + 128*q + 488. Let y be f(-4). What is the greatest common factor of y and 5668?
52
Let y be 2/15 + (-4792)/(-60). Let h(f) = -2*f**2 + 107*f + 29. Let d be h(47). Calculate the greatest common factor of y and d.
80
Let x(n) = 2*n - 39. Let r be x(0). Let a = 45 + r. Suppose 3*m = a, -5*m + 66 = 5*w - 69. Calculate the greatest common divisor of 175 and w.
25
Let l(p) = -53*p - 37. Let a(s) = -36*s - 25. Let d(n) = 7*a(n) - 5*l(n). Let i be d(3). What is the greatest common divisor of i and 21?
7
Let d be (-1*5/(-3))/(315/945). What is the greatest common divisor of 305 and d?
5
Let x = 22 + -106. Let b be (5 - x/(-18))/((-2)/(-228)). Suppose 3*y = 2*s + 169, -4*y - 3*s + 154 = -77. What is the highest common factor of y and b?
19
Let h be 3574/10 - (23/(-5) - (22 - 26)). What is the greatest common divisor of h and 8771?
179
Suppose -17 - 15 = -8*f. Let o(x) = -6*x + x + 11 + 3*x - f*x. Let q be o(-4). What is the highest common divisor of 7 and q?
7
Let n be ((-2)/(-3))/(14 + (-2517)/180). What is the highest common divisor of 440 and n?
40
Let m(f) = 2*f**3 - f**2 + 174*f - 129. Let a be m(13). Calculate the greatest common factor of 88 and a.
22
Suppose 25*b - 42*b - 15691 = 0. Let q = 1193 + b. What is the highest common divisor of 90 and q?
90
Let z be (23 - 3)*(-2)/(-5). Let b be 21516/84 + (-14)/98. Calculate the highest common divisor of b and z.
8
Suppose -z + 4*z = 78*z - 12900. Calculate the greatest common divisor of 1591 and z.
43
Let a(m) = -41*m - 8. Let o be a(8). Let p = 480 + o. Let w(g) = g**3 + 14*g**2 - 49*g - 492. Let z be w(-15). Calculate the greatest common divisor of z and p.
18
Let x(g) = 2*g + 198. Let p be x(-58). Calculate the greatest common factor of p and 5248.
82
Let v(s) = -4*s. Let c be 4 - (-2 - -28) - 2. Let q = c - -14. Let w be v(q). What is the highest common factor of w and 120?
40
Let n = -3589 + 4084. Calculate the greatest common factor of 180 and n.
45
Let t be (2/4)/(1/24*4). Suppose -a + 3*a - t*p - 112 = 0, -3*a + p + 168 = 0. What is the highest common divisor of 140 and a?
28
Let q(g) = 13*g**2 - 335*g + 3839. Let p be q(11). What is the highest common factor of 66 and p?
11
Let l = 1092 + -704. Suppose -24*s + l = -668. Let q be 2/5 + 36/10. Calculate the greatest common factor of s and q.
4
Let n = 1541 - -58. Calculate the greatest common factor of 369 and n.
123
Let o(w) be the third derivative of -w**6/120 + 7*w**5/20 - 35*w**4/24 + 5*w**3/6 + 45*w**2. Let y be o(11). What is the greatest common divisor of 10 and y?
10
Suppose h + 3*u = 4*h - 1878, 0 = 5*u - 20. Let p = -612 + h. What is the highest common factor of p and 45?
9
Let j(x) = -x**3 + 8*x**2 + 5*x - 6. Let i be j(6). Suppose 2434*f - 2430*f = -20. Let q be -28*(-7)/28 - f. What is the greatest common factor of q and i?
12
Let v be ((-182)/(-49))/(88/2772). Let b = 7 - -2. What is the greatest common divisor of v and b?
9
Let v = 85 + -100. Let n = v - -26. Calculate the highest common factor of n and 11.
11
Let m = 21 + -8. Let v(r) = -r**3 + 13*r**2 - r + 3. Let q be v(11). Suppose q = -m*z + 22*z. What is the highest common factor of 234 and z?
26
Suppose -46*c + 8072 = -898. What is the greatest common divisor of 1248 and c?
39
Suppose 9*z + 310 = 2384 + 1139. Calculate the greatest common factor of z and 1904.
119
Let z = 13360 - 13347. Calculate the greatest common factor of 91 and z.
13
Let f(k) = -k**2 + 11*k - 12. Let w be f(4). Let u(i) = -i**3 + 14*i**2 + 35*i - 20. Let t be u(w). Calculate the highest common factor of t and 49.
7
Let w(a) = 10*a**2 - 7*a - 24. Let g be w(2). Let u be (85/(-20))/(2/(-8)). What is the greatest common factor of u and g?
1
Let r(x) = -95*x**3 + x**2 + x + 1. Let l be r(-1). Suppose -23*g - 2267 = -40*g - 227. Calculate the greatest common divisor of l and g.
24
Suppose 2300 = 144*m - 3952 + 60. Calculate the greatest common divisor of 35647 and m.
43
Let h be (38/4 - -1)*(-74 + -1352). Let n be h/(-46) + 3/12*-2. Calculate the highest common factor of 25 and n.
25
Let b(i) = i**3 + 89*i**2 + 68*i - 209. Let l be b(-88). What is the highest common divisor of 47 and l?
47
Let y be (-30)/1350*27 - 3426/(-10). Calculate the highest common factor of 2508 and y.
114
Let c(a) = -a**2 + 1. Let q be c(1). Suppose q = 5*f + 4*h, 2*h = -0*f + 3*f. Suppose u - 48 + 33 = f. What is the greatest common factor of 15 and u?
15
Suppose -25*o + 41*o = 240. Let p(n) = 2*n**2 - 8*n - 10. Let c be p(8). What is the highest common divisor of o and c?
3
Suppose -14*z + 17*z - 171 = 0. Suppose -6*t - z = -165. Calculate the highest common factor of t and 36.
18
Let r be (1998/(-36))/(4/10 - (-59)/(-110)). What is the greatest common factor of r and 1961?
37
Suppose 0 = -4*w - 4*p + 1048, -86 = -w + p + 164. Calculate the greatest common factor of w and 736.
32
Let n(o) = -o**3 - 15*o**2 + 17*o - 30. Let s be n(-17). Let l = 291 - s. What is the highest common divisor of 352 and l?
32
Let z = 87 + -112. Let a be 10/z*-2*(-1870)/(-4). Calculate the greatest common divisor of a and 22.
22
Suppose -g = -4*f + 8*f - 237, -2*f - 1097 = -5*g. Let q = 569 - g. What is the highest common factor of q and 24?
12
Let l = 66 - -41. Let s = -37 + l. Calculate the highest common divisor of 60 and s.
10
Let k = -28126 - -28564. What is the greatest common divisor of 9344 and k?
146
Let o = 37 + -22. Suppose -3*l = -2*l + 5*c - 9, -4*l - c - 21 = 0. Let k be (-90)/(-20)*(-4)/l. What is the highest common factor of o and k?
3
Suppose -2*t - 5 = -7*t. Let x be 22/(-1) + (-16)/(-2). Let o be (t*9 + 0)*(x + 16). What is the highest common factor of 18 and o?
18
Suppose 11880 = 380*m - 260*m. Calculate the highest common divisor of m and 1782.
99
Let k(t) = -t**2 - 23*t - 4. Let c be k(-22). Suppose 75 = 23*y - c*y. Let g = y + -4. Calculate the highest common divisor of 22 and g.
11
Let y be (3 - (-40)/(-6))*-33. Let z be 10/(-35) + (-948)/(-84). Calculate the highest common divisor of y and z.
11
Suppose 3*o + 228 = 681. Let a = 168 - o. Let x = 28 - 11. What is the greatest common factor of x and a?
17
Let h be 344 - ((-510)/(-204))/((-10)/4). What is the greatest common divisor of 9660 and h?
345
Suppose 29*l = 19*l - 5690. Let n = l + 587. What is the greatest common divisor of 450 and n?
18
Suppose 7*z + 5*z - 339864 = -22*z. Calculate the highest common divisor of z and 51.
51
Suppose -20*o + 280 = -153 - 67. Calculate the highest common factor of 4975 and o.
25
Suppose -5*w - 3*a + 131 = 0, 0 = a - 7 + 5. Suppose 31*t - w*t - 312 = 0. Calculate the highest common factor of t and 26.
26
Let d = -23923 - -24151. What is the highest common divisor of d and 551?
19
Let s be 18*2*2/(-4). Let i = s + 25. Let o = -766 + 773. What is the highest common divisor of o and i?
7
Let h(i) = 346*i**2 - 17*i + 22. Let v be h(4). Calculate the highest common factor of v and 360.
90
Let d be ((-42)/5)/((-3)/70). Let y = 15 - -41. Suppose -28*k + 26*k = -y. Calculate the highest common divisor of d and k.
28
Suppose -1001 = -h + 2*g - 7*g, h = -2*g + 980. What is the highest common divisor of 399 and h?
21
Suppose 2*j + 2 - 6 = 0. Suppose -38*y = -39*y + c, -y - 2*c = 0. Suppose i - 2*s - 1 = -y*s, 29 = 5*i + j*s. Calculate the greatest common factor of 40 and i.
5
Let n = 14 + 0. Suppose 20 = 2*h - n. Suppose 19 = 2*t + 3*m, -h - 6 = -2*t + m. What is the highest common factor of 11 and t?
11
Let u(t) = -4*t - 92. Let n be u(-23). Suppose -v + n*v - 4 = 0, -5*y + 3*v = -222. What is the greatest common divisor of 126 and y?
42
Let w(b) = 97*b + 1310. Let q be w(134). Calculate the highest common factor of 112 and q.
28
Let m be 150 + 27/(-6) + (-24)/16. Suppose -228 = m*d - 148*d. Calculate the highest common divisor of d and 171.
57
Let p = 903 - 887. Let o be 4 - (36*2)/(-2). Calculate the highest common divisor of o and p.
8
Let c(d) = -d**2 + 31*d - 62. Let m be c(30). Let i = -43 + 10. Let n = m - i. What is the highest common factor of 9 and n?
1
Suppose 749*c - 905775 - 4410627 = 0. What is the greatest common factor of 84 and c?
42
Suppose 2*o - 22*z - 96 = -24*z + 82, 0 = -z. Let a(s) = -40*s - 1. Let q be a(-2). Let t = o - q. What is the greatest c